 56.
8
Suppose 2*k - 3 = -2*j + 3, 0 = -k - 4. Let p be (-30)/(-50) + 6/(-10). Suppose -j*c + 1 = b - 3*c, -3*c = p. What is the highest common factor of 11 and b?
1
Let w = 668 - 665. Calculate the greatest common factor of w and 48.
3
Suppose -4 + 3 = c, 5*c = -5*m + 95. Let r = 140 - 63. Let g = 127 - r. Calculate the greatest common divisor of m and g.
10
Suppose -9*k = -5*k - 416. Calculate the greatest common divisor of 16 and k.
8
Suppose y + 124 = 4*i - 236, 180 = 2*i + 5*y. Let u be ((-2)/3)/((-5)/i). Suppose 0 = 2*a - 10*a + 96. Calculate the highest common divisor of a and u.
12
Let y be (-4 - 1) + 408/17. Calculate the highest common divisor of 20 and y.
1
Let f = 89 + -79. Suppose -f*n + 6*n + 116 = 0. Calculate the greatest common factor of n and 29.
29
Suppose -c = -q - 148, 3*c - 2*q + 304 = 5*c. Calculate the highest common divisor of 120 and c.
30
Let l(p) = 11*p - 48. Let z be l(5). Suppose -3*f = -4*d + 302, -f = -4*d + 210 + 96. What is the highest common factor of d and z?
7
Let u be -10*(-1 + (-28)/(-8) + -2). Let n = 18 - u. Calculate the greatest common factor of 46 and n.
23
Let i be -160*(-39)/(-26)*2/(-4). What is the greatest common factor of 45 and i?
15
Let m be (-6)/(-21) + (-50)/7*-5. Let r(a) = a + 6. Let h be r(3). What is the greatest common divisor of h and m?
9
Suppose 0 = 2*y - 0 - 36. Let i(l) = l**2 + 31*l - 23. Let d be i(-32). What is the highest common divisor of d and y?
9
Let l = -1436 + 1514. What is the greatest common divisor of l and 9?
3
Suppose -5*j + 3 = -7. Suppose -q = -8 - j. Suppose q = h - 7. What is the greatest common factor of 136 and h?
17
Let x = 497 - 351. What is the highest common divisor of 3358 and x?
146
Suppose -4 = -7*m + 3*m. Suppose 0 = -5*k - 2*n + 44, 4*k - 3*n + m = 5*k. Calculate the greatest common divisor of 50 and k.
10
Let j be (-30)/(-5)*(-2)/4. Let r = 0 - j. Calculate the highest common divisor of 21 and r.
3
Suppose -2*w + 5*v + 154 = 0, -22*w + 308 = -18*w - 4*v. Calculate the greatest common factor of w and 847.
77
Let u(c) = -c**2 - 2*c**2 + c**2 - 9 + 2 + 5*c. Let n be u(5). Let a = n + 51. Calculate the greatest common divisor of 57 and a.
19
Let i be (-7)/(35/15) - -13. Suppose 3*n - 6*n = -30. Calculate the highest common divisor of n and i.
10
Suppose 0 = b + 2, 2*b = 5*u - 0*b - 374. Suppose -u = -5*y + 61. What is the highest common divisor of 9 and y?
9
Suppose -31*q + 8154 = -29542. Calculate the greatest common factor of q and 320.
64
Let x = 399 + -393. Calculate the highest common divisor of 14 and x.
2
Let l = 9 + -4. Suppose 0 = -5*i - 5*m, 6*i - 2*i + l*m = 0. Suppose -3*c + 41 + 1 = i. Calculate the greatest common divisor of c and 28.
14
Let q = 6256 + -4141. Calculate the greatest common divisor of 47 and q.
47
Let l = -150 - -8. Let v be l/(-1) + (-1)/(-1). Calculate the greatest common divisor of v and 13.
13
Let g(c) = -c**3 - 9*c**2 + c + 12. Let z(h) = -2*h**2 + 3*h + 5. Let r be z(-2). Let q be g(r). What is the greatest common divisor of q and 5?
1
Suppose -6*o = -2*o - 1608. Calculate the highest common divisor of o and 6.
6
Let q be ((-1842)/(-9))/(5/15). Suppose -4*u - m + q = 0, -m - 7 + 9 = 0. What is the greatest common factor of 9 and u?
9
Suppose -4*s + y + 15100 = 0, -4*s - 2*y = -s - 11314. Let b be s/18 - (-1)/3. What is the highest common factor of b and 30?
30
Let g(x) = x**3 - 20*x**2 + 19*x + 40. Let u = 1 + 18. Let p be g(u). What is the highest common factor of 5 and p?
5
Suppose -5*k + 2*k + 156 = 0. Suppose -2*d + 52 = -4*d. Let g = -13 - d. What is the highest common divisor of k and g?
13
Suppose 0 = 3*q - 6 - 18. Let v be 3/(-15) + (-1)/(-5). Let d = 2 - v. Calculate the highest common factor of d and q.
2
Suppose -2*b - 22 = -14. Let i(z) = -z**3 - 2*z**2 - 6*z + 4. Let k be i(b). Calculate the highest common divisor of k and 15.
15
Let t(g) = 24*g + 1183. Let r be t(-49). Suppose -3*n + 1 = -20. Calculate the highest common factor of r and n.
7
Suppose 7*l - 3*l = -3*c + 35, 76 = 4*c - 2*l. What is the greatest common factor of 323 and c?
17
Let o(v) = -6*v - 1. Let f be o(-5). Let y = f + -7. Suppose -k + 12 = 5*w, -2*w - w = k - 8. Calculate the highest common factor of y and w.
2
Let b be 1/((0 - 2)/(-6)). Suppose -b*x = 2*x. Let d be 1 + x - 28/(-14). What is the greatest common divisor of d and 15?
3
Let g = 21 - 19. Let p be (14 - 7) + 2*-1. What is the highest common factor of g and p?
1
Suppose 0 = -2*g + 3*g + 4*p + 25, g + 5*p = -30. Let m be 9/((15/(-81))/g). Calculate the greatest common factor of 27 and m.
27
Let k be 0/((-3)/(-3)) + 2. Let h(t) = 91 - k*t - 3*t + 6*t. Let b be h(0). Calculate the greatest common factor of b and 13.
13
Let i = 589 - 256. What is the greatest common divisor of i and 9?
9
Let a = 1271 + -1211. What is the highest common divisor of 270 and a?
30
Let v = 48 + -3. Let z be 4/(-5) + 42/15. Suppose -z*p - 4 = 0, -26 = -x - 5*p + 3*p. What is the highest common divisor of x and v?
15
Let v(f) = 30*f**3 + 5*f**2 - 11*f + 4. Let u be v(3). Calculate the highest common factor of 14 and u.
14
Let v(f) = -f + 5. Let y be v(-2). Let a(u) = u - 1. Let i(k) = -2*k. Let b(p) = 3*a(p) - i(p). Let m be b(2). What is the greatest common factor of y and m?
7
Let g(h) = -h**2 - 8*h + 90. Let r be g(6). Suppose 0 = 5*z + 2*s + s - 40, 2*z - s - 16 = 0. What is the greatest common divisor of z and r?
2
Let w(d) = -2*d + 14. Let h be w(-15). Let g be (-7)/(-21) - h/(-3). What is the greatest common divisor of g and 15?
15
Let g = -79 + 138. Suppose v = 3*v + 3*b + g, 3*b = 4*v + 109. Let a = 38 + v. Calculate the greatest common factor of 30 and a.
10
Let t = 24 - -153. Let l be t*1 - (9 + -12). Calculate the greatest common factor of l and 18.
18
Suppose -31 = -2*d + 5*j, -5*j = -d - j + 20. What is the highest common factor of d and 8?
8
Let b(c) = -24*c - 9. Let r(o) = 25*o + 10. Let j(l) = 6*b(l) + 5*r(l). Let y be j(-4). Let h = 42 - 34. Calculate the greatest common divisor of y and h.
8
Suppose -29 + 2 = 2*m + p, -2*p = m + 9. Let y be ((-5)/(-3))/((-1)/m). Suppose 0 = -2*z - 4 + 14. Calculate the greatest common divisor of y and z.
5
Let c(z) = -z + 16. Let s be c(7). Let b = -4 + s. Let v be (-2)/b + (-70)/(-50). What is the greatest common factor of v and 1?
1
Suppose -2*u + 5*v = -31, -3*u + 18 = -3*v + 5*v. Suppose 13*p - u*p = 425. Calculate the highest common divisor of 17 and p.
17
Let k(a) = -448*a - 1. Let h be k(1). Let x = h + 629. Calculate the highest common divisor of x and 20.
20
Let i(d) = -109*d + 1392. Let b be i(12). What is the highest common divisor of b and 756?
84
Let f(l) = -l**2 - 2*l - 7. Let x be f(-4). Let b = x - -31. What is the greatest common divisor of b and 2?
2
Suppose 5*g - 762 = 4*a, 610 = 14*g - 10*g - 3*a. Calculate the greatest common factor of g and 49.
7
Let w be (-7 + (-9022)/(-130))*(-20)/(-6). What is the highest common factor of w and 325?
13
Suppose 34*j - 25*j - 30807 = 0. Calculate the highest common factor of 21 and j.
21
Let n = 15 - 12. Suppose -6*a + 4*i + 116 = -n*a, -5*i = 25. Suppose -s + 3*x + a = 0, s + 0*x - 16 = -x. What is the greatest common factor of 4 and s?
4
Suppose 14*b = 16*b. Suppose b = -x + 7 + 37. Let u = -31 + x. What is the highest common factor of 143 and u?
13
Let r(d) = 3*d**2 - 14*d + 35. Let y be r(5). Let c = 110 - y. Suppose -2*x - 5*w + 20 = -w, 5*x - 50 = w. What is the greatest common divisor of x and c?
10
Let j be (-1)/(3/(-33)) + 3. Let l be ((-672)/15)/2*-10. Suppose -4*c + v + l = 0, 3*c + 2*v = 92 + 76. What is the greatest common divisor of j and c?
14
Let h(x) = -2*x**2 + 18*x - 33. Let f be h(5). What is the highest common factor of 161 and f?
7
Suppose -h - 65 = 2*t + 68, -5*h = -5. Let c = -57 - t. What is the highest common divisor of 25 and c?
5
Suppose -4*z - 9 - 3 = 0, 5*m - 245 = 5*z. What is the greatest common factor of 1702 and m?
46
Suppose -2*p + h + 4*h = -13, p - 5*h = 9. What is the greatest common divisor of 4 and p?
4
Suppose 3*g - 65 = -m, -5*g + m + 4*m + 115 = 0. Suppose -4*d + 62 + 158 = 0. Calculate the greatest common factor of g and d.
11
Let p = 3 + 5. Suppose f + 4*t - p = 0, 5*t - 8 = 4*f + t. Suppose 3*j + 24 = 2*g + j, f = -5*j - 25. What is the highest c